{"id":392,"date":"2020-09-04T10:02:15","date_gmt":"2020-09-04T08:02:15","guid":{"rendered":"\/wspolpraca\/?page_id=392"},"modified":"2021-03-01T21:19:51","modified_gmt":"2021-03-01T20:19:51","slug":"czesc-1","status":"publish","type":"page","link":"\/wspolpraca\/czesc-1\/","title":{"rendered":"Wsp\u00f3\u0142praca. Wok\u00f3\u0142 kompetencji przysz\u0142o\u015bci #1"},"content":{"rendered":"\n<p>Kiedy na pocz\u0105tku 2020 roku w gronie przedstawicieli ma\u0142opolskiego sektora edukacji, polityki spo\u0142ecznej i rynku pracy, planowali\u015bmy organizacj\u0119 konferencji \u201eWsp\u00f3\u0142praca. Wok\u00f3\u0142 kompetencji przysz\u0142o\u015bci\u201d, nikt z nas nie przypuszcza\u0142, \u017ce w ci\u0105gu paru dni \u015bwiat si\u0119 zatrzyma i nic nie b\u0119dzie ju\u017c takie jak wcze\u015bniej.&nbsp;<\/p>\n\n\n\n<p>Mimo epidemii, nie zrezygnowali\u015bmy z planowanego wydarzenia, lecz przenie\u015bli\u015bmy je do wirtualnego \u015bwiata i zaprosili\u015bmy Pa\u0144stwa do udzia\u0142u w cyklu spotka\u0144 online. Tematyka kompetencji przysz\u0142o\u015bci, nowego wymiaru edukacji i kultury, dynamicznie zmieniaj\u0105cego si\u0119 rynku pracy oraz aktualnej sytuacji w sektorze spo\u0142ecznym \u2013 nabra\u0142a teraz dodatkowego znaczenia, dlatego tym bardziej chcieli\u015bmy si\u0119 jej przyjrze\u0107, daj\u0105c sobie i Wam mo\u017cliwo\u015b\u0107 dyskusji i wymiany do\u015bwiadcze\u0144.<\/p>\n\n\n\n<p>Co si\u0119 zmieni\u0142o? Co powinno si\u0119 zmieni\u0107? W jaki spos\u00f3b ma\u0142opolskie instytucje mog\u0105 w\u0142\u0105czy\u0107 si\u0119 w ten proces? Na co nale\u017cy zwr\u00f3ci\u0107 uwag\u0119 w pierwszej kolejno\u015bci?<\/p>\n\n\n\n<p>Dzi\u0119kujemy za udzia\u0142 w spotkaniach transmitowanych online i za wsp\u00f3ln\u0105 rozmow\u0119 o przysz\u0142o\u015bci naszych czterech obszar\u00f3w: kultury, edukacji, polityki spo\u0142ecznej oraz rynku pracy.&nbsp;<\/p>\n\n\n\n<p><strong>Spotkajmy si\u0119 ju\u017c dzisiaj, bo przyszed\u0142 czas na kompetencje jutra!<\/strong><\/p>\n","protected":false},"excerpt":{"rendered":"<p>Kiedy na pocz\u0105tku 2020 roku w gronie przedstawicieli ma\u0142opolskiego sektora edukacji, polityki spo\u0142ecznej i rynku pracy, planowali\u015bmy organizacj\u0119 konferencji \u201eWsp\u00f3\u0142praca. Wok\u00f3\u0142 kompetencji przysz\u0142o\u015bci\u201d, nikt z nas nie przypuszcza\u0142, \u017ce w ci\u0105gu paru dni \u015bwiat si\u0119 zatrzyma i nic nie b\u0119dzie ju\u017c takie jak wcze\u015bniej.&nbsp; Mimo epidemii, nie zrezygnowali\u015bmy z planowanego wydarzenia, lecz przenie\u015bli\u015bmy je do [&hellip;]<\/p>\n","protected":false},"author":1,"featured_media":0,"parent":0,"menu_order":0,"comment_status":"closed","ping_status":"closed","template":"","meta":{"footnotes":""},"acf":[],"_links":{"self":[{"href":"\/wspolpraca\/wp-json\/wp\/v2\/pages\/392"}],"collection":[{"href":"\/wspolpraca\/wp-json\/wp\/v2\/pages"}],"about":[{"href":"\/wspolpraca\/wp-json\/wp\/v2\/types\/page"}],"author":[{"embeddable":true,"href":"\/wspolpraca\/wp-json\/wp\/v2\/users\/1"}],"replies":[{"embeddable":true,"href":"\/wspolpraca\/wp-json\/wp\/v2\/comments?post=392"}],"version-history":[{"count":4,"href":"\/wspolpraca\/wp-json\/wp\/v2\/pages\/392\/revisions"}],"predecessor-version":[{"id":806,"href":"\/wspolpraca\/wp-json\/wp\/v2\/pages\/392\/revisions\/806"}],"wp:attachment":[{"href":"\/wspolpraca\/wp-json\/wp\/v2\/media?parent=392"}],"curies":[{"name":"wp","href":"https:\/\/api.w.org\/{rel}","templated":true}]}}